-5 - -678dd2?
678dcb
In base 16, what is -2ef1ca3 - -2?
-2ef1ca1
In base 16, what is -269d49b + 1?
-269d49a
In base 13, what is -73b91 - -3c?
-73b52
In base 13, what is 3a11 - -208?
3c19
In base 5, what is 1242213220323 - 2?
1242213220321
In base 5, what is 4104001303 - -24?
4104001332
In base 4, what is -20311300 - -1030000?
-13221300
In base 12, what is 5 - 160981a?
-1609815
In base 12, what is -5 + -a844949?
-a844952
In base 11, what is 4539a17 + 54?
4539a70
In base 3, what is 102102021 - -222221?
110102012
In base 14, what is 38 - cd55?
-cd1b
In base 14, what is 5 + -1c41ad78?
-1c41ad73
In base 3, what is -10 - -10100120111022022?
10100120111022012
In base 13, what is -5 + b1c0480?
b1c0478
In base 2, what is -101010001001001110 - 100?
-101010001001010010
In base 8, what is -1 - -51444410?
51444407
In base 13, what is b1 - -2a212?
2a2c3
In base 16, what is -1 - -17a21?
17a20
In base 12, what is -6a0 - -1746?
1066
In base 14, what is -5 - -4502b70?
4502b69
In base 3, what is -121100111000220 - -200?
-121100111000020
In base 15, what is 5ac + 16d428?
16d9d5
In base 11, what is -1612879 + -21?
-161289a
In base 2, what is 100111 - -10010010110110011011?
10010010110111000010
In base 6, what is 532 + 212310?
213242
In base 15, what is 3b - -c8b0?
c8eb
In base 4, what is 20331 + -1112132?
-1031201
In base 10, what is 5408 - 3290?
2118
In base 7, what is -51114554 + 0?
-51114554
In base 12, what is 365 - 17a8?
-1443
In base 2, what is -110001010 - -1001100000010101000?
1001011111100011110
In base 7, what is 1554 - 43431?
-41544
In base 12, what is 1728b9 - -195?
172a92
In base 14, what is -1532c48 - 5?
-1532c4d
In base 14, what is -a106d3 + 5?
-a106cc
In base 2, what is 10110011000 - 110111111010000011?
-110111100011101011
In base 11, what is -4 + -78a260?
-78a264
In base 5, what is -4400033 + 22341?
-4322142
In base 4, what is -12 - 3321131310212?
-3321131310230
In base 7, what is -6 - -3622413?
3622404
In base 2, what is 10011000111100 + 11000111110?
10110001111010
In base 9, what is 118 + 1052313?
1052432
In base 7, what is 331051443 - -5?
331051451
In base 6, what is 34152 - -1254142?
1332334
In base 10, what is 58 + -4516068?
-4516010
In base 12, what is -35 + 7b754?
7b71b
In base 2, what is 1000011100011 + 110001111011?
1110101011110
In base 3, what is 12 - 2220211012022222?
-2220211012022210
In base 14, what is d + 223a351?
223a360
In base 15, what is -67c - 37d?
-a0a
In base 9, what is 1502813 + -15?
1502787
In base 9, what is -1 - -40106612?
40106611
In base 8, what is -2 + -7253162?
-7253164
In base 8, what is -17 + 374476244?
374476225
In base 14, what is 3 + 95797c?
957981
In base 13, what is -b242679 + -4?
-b242680
In base 4, what is -121212011 - 202100?
-122020111
In base 7, what is -3345 - 1013604?
-1020252
In base 13, what is a0b6 + -12975?
-588c
In base 6, what is 5500 + 13041?
22541
In base 8, what is 4 - -721135734?
721135740
In base 9, what is 50552245 - 4?
50552241
In base 13, what is -176ab7 - 3?
-176aba
In base 9, what is -2 - -24442131?
24442128
In base 4, what is 122333111 - 130323?
122202122
In base 11, what is 1aa1491 - -4?
1aa1495
In base 15, what is -2b + -14ae5?
-14b21
In base 15, what is 16d - 8700b?
-86d8d
In base 11, what is 0 - -91988a0a?
91988a0a
In base 8, what is -76 - -14704514?
14704416
In base 6, what is 3502013 + -13242?
3444331
In base 13, what is -241 - 10c77?
-111b8
In base 11, what is 295956 - -a5?
295a50
In base 4, what is -11 - 111231220220131?
-111231220220202
In base 12, what is a7 + 50871?
50958
In base 13, what is -18 - -b1600?
b15b5
In base 4, what is -2133021111 + -101?
-2133021212
In base 16, what is c - -da2aa?
da2b6
In base 4, what is 2 - -10111311120?
10111311122
In base 14, what is 4 - 1415929?
-1415925
In base 8, what is -1 - 52531074?
-52531075
In base 8, what is 30707044 + 4?
30707050
In base 13, what is 37c - 2c5b?
-28ac
In base 8, what is -20305055 - 4?
-20305061
In base 2, what is 100111110 + 101000011110010011?
101000100011010001
In base 15, what is -130814 + -12?
-130826
In base 12, what is -30a3 + 20a?
-2a95
In base 8, what is 37 - -317775?
320034
In base 10, what is 10243 - 1243?
9000
In base 7, what is 404 - -240504?
241211
In base 8, what is -230117 + 1523?
-226374
In base 4, what is -1202332312132 + -2?
-1202332312200
In base 12, what is -16a + 2966b18?
296696a
In base 3, what is -1 - 1022201111210?
-1022201111211
In base 11, what is 2957 + -4169?
-1312
In base 7, what is -4246564 + -3?
-4246600
In base 14, what is -b + 3b6b0b?
3b6b00
In base 15, what is 19 - -18d31b?
18d335
In base 7, what is -5 + -111405506?
-111405514
In base 13, what is -192902 + -231?
-192b33
In base 3, what is 112200020122010 - -210?
112200020122220
In base 14, what is 10 - -115b93?
115ba3
In base 3, what is -102 - -122212120001002?
122212120000200
In base 6, what is 242 + 532221?
532503
In base 6, what is -52 + 131420400?
131420304
In base 13, what is 68785a - 0?
68785a
In base 10, what is 2 + -3014860?
-3014858
In base 6, what is -11 + 1120430140?
1120430125
In base 6, what is 525032 + -1121?
523511
In base 14, what is -6 - 112b9b0?
-112b9b6
In base 2, what is 1100110101101111001 + -1?
1100110101101111000
In base 16, what is 71f95cf + -2?
71f95cd
In base 3, what is 220 + -1000120001200112?
-1000120001122122
In base 8, what is -3147772022 - 4?
-3147772026
In base 6, what is 2 + 23404320044?
23404320050
In base 16, what is 14dd5c8 - 1?
14dd5c7
In base 5, what is 30320012142 + -21?
30320012121
In base 7, what is -5614 + -26564?
-35511
In base 10, what is 33408 + 51?
33459
In base 10, what is -15165768 + 32?
-15165736
In base 12, what is 3 - -67b1111?
67b1114
In base 12, what is -4 - -ab8094?
ab8090
In base 12, what is -216 - 26a25?
-2703b
In base 4, what is 1303 - -1122031?
1130000
In base 12, what is bbabb - -118?
100017
In base 5, what is -3022012 - -1244?
-3020213
In base 6, what is 115124 - -32212?
151340
In base 6, what is 2 + -1552425022?
-1552425020
In base 7, what is -115 + 520426?
520311
In base 8, what is -30100 - -2565?
-25313
In base 14, what is 0 + 2d145ab?
2d145ab
In base 12, what is -1586 - -96b?
-817
In base 4, what is -132122103021 - -11?
-132122103010
In base 6, what is 152302112 + 4?
152302120
In base 3, what is -100101122121100 + -10?
-100101122121110
In base 9, what is 144171808 - -3?
144171812
In base 4, what is -1002 + 23111021?
23110013
In base 5, what is 20 + -1402010121?
-1402010101
In base 6, what is 1 - -1023301?
1023302
In base 10, what is 5421778 - 0?
5421778
In base 7, what is 2052622 - 420?
2052202
In base 8, what is 40 - -1063272?
1063332
In base 9, what is -522404642 + -5?
-522404647
In base 8, what is -356631 + 17147?
-337462
In base 3, what is 20220020 - 101110201?
-10120111
In base 6, what is 21400 - -15541?
41341
In base 2, what is -1101 + -110001001110100011000?
-110001001110100100101
In base 7, what is -4052 + -232632?
-240014
In base 10, what is 16124189 - 13?
16124176
In base 11, what is 29929599 + 4?
299295a2
In base 4, what is -11300100022 + -13?
-11300100101
In base 11, what is -7182 + -335?
-7507
In base 6, what is -1042005 + 20121?
-1021444
In base 2, what is 101001100 - -11111100110100?
100000010000000
In base 8, what is 3411340 + 21?
3411361
In base 15, what is 9a + 573b42?
573bdc
In base 14, what is -3c + 1a606b?
1a602d
In base 7, what is 16 + -20521452?
-20521433
In base 2, what is -1000011010110000 + 100?
-1000011010101100
In base 15, what is -6b5 - -3bb4?
34ee
In base 3, what is -11 - -11002112201000?
11002112200212
In base 4, what is 3232 + -12023233?
-12020001
In base 3, what is 1220201210120212 + 10?
1220201210120222
In base 15, what is ca901c - c?
ca9010
In base 8, what is 10 + 17147732?
17147742
In base 7, what is -6111 - -214002?
204561
In base 16, what is -1049af + -9?
-1049b8
In base 7, what is -41 - -2213401?
2213330
In base 6, what is -153024424 - -4?
-153024420
In base 14, what is -590 + 1484?
cd4
In base 4, what is 212313200 + 12110?
212331310
In base 3, what is 222112012 + -10102210?
212002102
In base 8, what is 104 - 6214415?
-6214311
In base 12, what is -4478a0b1 + -4?
-4478a0b5
In base 15, what is -506709 - 16?
-506720
In base 3, what is -22021021121 - 22011?
-22021120202
In base 2, what is -101111010 - 10101001000001?
-10101110111011